or of b and 70.
70
Suppose 0*i - 6 = 2*i. Let a be -3*2/9*i. Suppose 0*j - a*j = -6. What is the greatest common factor of j and 3?
3
Suppose 4*r - 5*i - 6 = 30, 4*r - 32 = 4*i. Suppose 5*q - s - 80 = -0*q, -r*s + 71 = 3*q. What is the highest common divisor of 34 and q?
17
Let r(s) = s**3 + s**2 - s + 1. Let t be r(1). Let f be (3/(-9))/(t/(-78)). What is the highest common divisor of f and 39?
13
Let q be 6/(-33) - (-9269)/341. What is the greatest common factor of q and 864?
27
Suppose -2*v + 0*k = -3*k - 588, 0 = 4*k - 8. Calculate the greatest common factor of v and 66.
33
Suppose -2074*r + 2077*r - 405 = 0. Calculate the highest common divisor of r and 255.
15
Suppose -3*g + v = -125, 2*g + 2*v = 37 + 33. Suppose l + l = -g. Let o = 39 + l. Calculate the greatest common divisor of 152 and o.
19
Let w = 4 + -8. Let n = -1 - w. Let o be 497/n + (-4)/6. What is the greatest common divisor of 15 and o?
15
Let g = 133 - 117. Calculate the highest common divisor of g and 64.
16
Suppose 7*j = 5*j + v + 18, 5*v = -2*j + 18. Calculate the greatest common divisor of j and 720.
9
Let s be 12 + -6 + 14/2. What is the highest common divisor of s and 559?
13
Let s be 9936/(-644)*(-14)/3. What is the greatest common factor of 384 and s?
24
Let w(y) = y**2 - 22*y + 187. Let n be w(13). Calculate the highest common divisor of 2415 and n.
35
Let f be (-2)/8 + 10221/(-12). Let h be 20/(-50) - f/5. Let b = -89 + 157. Calculate the greatest common factor of h and b.
34
Let g = -27 + 64. Let d = -18 + g. Let i = -54 - -111. Calculate the highest common factor of i and d.
19
Let u(s) = -34*s - 7. Let v be u(-5). Suppose 0 = 8*c - 963 + v. What is the greatest common factor of c and 25?
25
Suppose -5*a - 30 = -n, 4*n + 3 - 13 = -2*a. Suppose -3*t + 6 = -n*t. Let o be -8*(t + 2 + -4). Calculate the greatest common divisor of o and 5.
5
Let z(a) = a**2 - 5*a + 3. Let l be z(5). Let u be (2*783)/(-3) - l. Let v be u/(-60) - 2/(-8). What is the highest common factor of 18 and v?
9
Let j(c) = 4*c + 4*c**3 - c**2 + 0 - 6 + 3. Let y be j(2). Let v = 23 + -12. What is the highest common divisor of v and y?
11
Let t be (-2354)/(-10) + 18/(-225)*5. Calculate the greatest common factor of t and 329.
47
Suppose -5*c + 34 = -11. Let o = c + -2. Let q = o + 0. Calculate the greatest common divisor of q and 28.
7
Suppose 16*a = 20*a - 540. Let u = 76 - 45. Let t = u - 16. What is the greatest common divisor of a and t?
15
Let l = -333 + 477. Suppose 8*b + 4*u - l = 3*b, -2*u + 2 = 0. Calculate the highest common divisor of b and 7.
7
Suppose -2 = 2*b + 2*u, 0 = -4*b + 3*u + 2*u + 5. Let a be b - 0 - (5 - 13). What is the highest common divisor of 24 and a?
8
Let v(j) be the second derivative of 19*j**3/6 - 7*j**2 + 14*j. Let n be v(14). Let y be 4*3/6 + 26. What is the greatest common divisor of n and y?
28
Let b = -4 - -14. Let r be 9/15 - (-84)/b. Let x(l) = -3*l**3 + 42*l**2 + 2*l - 22. Let m be x(14). Calculate the highest common factor of m and r.
3
Let v(g) = -10*g - 14. Suppose 0 = 4*p - 6*j + 2*j - 8, -4*j - 16 = 0. Let q be v(p). Calculate the highest common divisor of q and 2.
2
Let a be (-4*(-234)/24)/(0 + 1). Calculate the greatest common divisor of a and 741.
39
Suppose 3*s = 8*s + 20, -3*h + 3*s + 27 = 0. Let z = -2 + 7. Suppose 0 = -z*r - p + 140, 2*r - 2*p - 51 = h. Calculate the greatest common divisor of r and 7.
7
Let n(h) = 18*h + 83. Let v be n(-27). Let z = v - -641. What is the greatest common factor of 34 and z?
34
Suppose -5*c = 2*k - 76, 67 + 33 = 3*k + 4*c. What is the greatest common factor of 252 and k?
28
Let b = 586 - 557. Calculate the greatest common factor of 725 and b.
29
Suppose -2*w - q = -171, -w + 10*q + 93 = 13*q. Calculate the greatest common divisor of w and 132.
12
Let p(z) = z**2 + 16*z + 145. Let i be p(24). What is the greatest common factor of 65 and i?
65
Let f = 1850 - 1091. What is the highest common factor of f and 33?
33
Suppose 0*h + 10*h = 150. Let v be 3*(6545/h)/7. Calculate the highest common divisor of v and 11.
11
Let p(m) = -2*m + 21. Let k be p(11). Let j be 3 - (9 - k) - -1. Let y be j/2*(3 + -5). What is the greatest common divisor of 4 and y?
2
Let s(z) = -z**3 - 5*z**2 - 12*z - 16. Let j be s(-5). Calculate the greatest common divisor of j and 11.
11
Let q(s) = s**2 + 3*s - 4. Let l be q(-4). Suppose -3*m + 63 = 4*i, -3*i + l*i - 4*m = -42. Calculate the highest common divisor of i and 54.
18
Let n(r) be the third derivative of -7*r**2 - 7/6*r**3 + 0 + 0*r - 1/24*r**4. Let j be n(-12). What is the highest common divisor of j and 45?
5
Let x(u) = -u + 8. Let m be x(8). Let y be (m - -1)/((-6)/(-18)). Calculate the highest common factor of y and 1.
1
Let t be (-15)/30*(-198 + -2). Calculate the highest common factor of 10 and t.
10
Suppose s - 2 - 6 = 0. Suppose 0 = 2*d - 2*r - 106, -r + 46 = d - 13. Calculate the greatest common factor of d and s.
8
Let a be (5 - -10)/5 - (2 + -1). Suppose 0 = -15*v + a*v + 78. Calculate the greatest common factor of v and 42.
6
Suppose -3*w + 245 = -i, -4*w + 171 = -i - 154. Let h be 21/(-3) + 714/42. Calculate the highest common divisor of w and h.
10
Suppose 5*h + 824 = u + u, -u + 412 = -4*h. Suppose 4*n - 1365 = 5*b, 3*n = 5*b + 759 + 611. Let z = b + u. Calculate the highest common divisor of 15 and z.
15
Suppose -4 = -4*f - 12. Let k be f*(2/(-11) - (-1275)/(-66)). Suppose -4*t + 0*t + 52 = 0. What is the highest common divisor of k and t?
13
Suppose -5*a = -0*a - 30. Let o be 5/1 + a/2. Suppose 5*i + d - 96 = 0, 0 = -2*i - 5*d - 1 + 21. What is the greatest common factor of o and i?
4
Let j(o) be the first derivative of -14*o + 1/3*o**3 + 1 - 2*o**2. Let n be j(10). Calculate the greatest common divisor of n and 69.
23
Let x = 34 + -139. Let g = x - -118. What is the greatest common factor of 13 and g?
13
Suppose 62 = -3*f + 542. Suppose 4*a + 106 = 2*i + a, 5*a = 3*i - f. Suppose -16*h + 80 = -12*h. What is the greatest common factor of h and i?
10
Let n be (2*-1)/((-4)/6). Suppose -o + 3 - 1 = 0. Suppose o*j = 8*j - 6. Calculate the highest common divisor of n and j.
1
Let m be 4/(24/(-10))*9/(-1). Calculate the highest common factor of 5 and m.
5
Let h be (16/(-56))/(3/(-42)). What is the highest common divisor of 26 and h?
2
Suppose c - 5 - 15 = 0. Suppose 4*r + 4*j = -0*j + c, 5*r - 20 = -4*j. Suppose r*d + d = 5. What is the greatest common factor of 5 and d?
5
Let y be 3*1/(3/29). Let f be 4435/17 - (7 + 363/(-51)). Calculate the highest common divisor of f and y.
29
Suppose 96*u - 103*u + 70 = 0. Calculate the greatest common factor of 1790 and u.
10
Let c(z) = 78*z + 262. Let f be c(-3). What is the greatest common factor of f and 784?
28
Let j = -5 - -8. Suppose -j*m = -5*i + 2*i - 3, 0 = -2*m - 5*i + 2. Let p be (-7 + m)/((-30)/20). Calculate the highest common divisor of 6 and p.
2
Suppose -8*z + 1032 = 4*z. Let l = z - -79. Calculate the greatest common factor of l and 15.
15
Suppose -4*q - 2 = 2. Suppose 34 - 9 = 5*d. Let a = d - q. Calculate the highest common factor of a and 18.
6
Suppose c - 5*o = 5*c - 68, 5*o - 20 = 0. Let z be (c/(-9))/((-4)/462). What is the greatest common factor of z and 14?
14
Suppose -3*x = 5*w - 117, 9*w - x - 101 = 4*w. Suppose 156 = 32*o - 346 + 54. What is the greatest common factor of o and w?
7
Let y(v) = -v**3 + v**2 - 7*v + 361. Let i be y(0). Let p = 516 - i. Calculate the greatest common factor of 31 and p.
31
Suppose -97*s = -102*s + 405. Calculate the highest common divisor of 54 and s.
27
Suppose -6*h + 40 = -2*h. Suppose r - 16 = -0*p - 3*p, -22 = -2*r + 4*p. Let l = r + -8. What is the highest common factor of h and l?
5
Suppose -5*q + 556 = -2034. Calculate the highest common factor of q and 37.
37
Let y = -18 - -23. Suppose -3 = -3*j, 278 = y*o + 2*j + j. What is the highest common factor of o and 22?
11
Let k = -31 + 34. Let n be (-3)/1 + 5 + 10. Calculate the greatest common factor of n and k.
3
Suppose 4*w - 12 = 52. Let t be (((-496)/(-2))/4)/(1*-1). Let k = t + 126. Calculate the highest common divisor of k and w.
16
Suppose 0 = -133*x + 144*x - 1771. Calculate the highest common divisor of x and 7.
7
Let z(f) = -3*f + 3. Let u = 19 - 20. Let i be z(u). Suppose -c - 2*c - 2*k = -78, 5*k + 81 = 4*c. What 